j**3 - 2*j**2 - j. Let o be b(-1). Let p(r) = -r**3 - 6*r**2 - 5*r + 8. Let h be p(o). Is v(h) prime?
True
Suppose 5*h - 2066932 = 4*y, -3*y - 4 = -10. Suppose -26*v - 10*v = -h. Is v prime?
True
Let h(x) = -x**3 + 2*x**2 + 5*x - 2. Let z be h(3). Suppose w + n = -200 - 135, -z*n - 676 = 2*w. Is 0 - (-2 + 3) - w prime?
True
Let v(p) = 277*p + 147. Is v(38) composite?
True
Let n(i) = -2*i**2 + 5*i + 18. Let l be n(15). Let h = 583 + l. Suppose 5*f = 3*f + h. Is f prime?
True
Suppose -653*s + 633*s = -2900260. Is s prime?
False
Suppose 2*c - 3*c = 0. Suppose d - 868 - 141 = c. Is d a prime number?
True
Let y = 252698 + -156663. Is y composite?
True
Suppose 0 = 2*a - 5*a. Let z(m) = -m**2 - 9*m - 80. Let f(s) = 4*s**2 + 39*s + 319. Let v(w) = -2*f(w) - 9*z(w). Is v(a) a composite number?
True
Suppose 0 = -14*a + 12*a + 350. Let c = 506 - a. Is c composite?
False
Is (-1)/((-4)/(-10))*-7094 a composite number?
True
Let n = 99467 - 69474. Is n composite?
True
Is (-2264089886)/22168*(1/1 - 5) a composite number?
False
Let t(g) = -4*g**3 - 16*g**2 - 25*g + 48. Let z be t(-28). Suppose -23*s = -z + 135. Is s prime?
True
Is (-28)/(-35) - (-2147058)/90 a composite number?
False
Let a(t) = 2*t**2 + 10*t + 115057. Is a(0) composite?
False
Suppose -5*x = -b + 56, -114 = 3*b - 6*b - 3*x. Suppose -l - 38 = -b. Suppose -5*q + 409 = 4*d, -3*q + 303 = l*d + 2*q. Is d prime?
False
Suppose 0 = 3*o + y - 5 - 15, -2*o + 10 = -y. Suppose 6 = -3*j, -5*j = o*l - l - 15985. Is l a composite number?
True
Let n(l) = 8570*l**2 - 70*l + 217. Is n(3) a prime number?
True
Let b = -472752 - -893959. Is b a composite number?
False
Let v = -44056 - -62157. Is v composite?
True
Let i(d) = -d + 32. Let u(b) = 33. Let l(c) = 7*i(c) - 6*u(c). Let v be l(4). Is (1/v)/(-1 + (-4602)/(-4604)) composite?
False
Let a = 8627 - 2178. Is a prime?
True
Let m = 12129 + 3650. Is m a composite number?
True
Let b(u) = 53*u**3 + 6*u**2 - 43*u + 11. Is b(8) composite?
True
Let f(u) = -113*u**3 + 3*u**2 + 30*u - 28. Let h be f(-28). Is (h/210)/((-2)/(-3)) composite?
False
Let k = 89 + -86. Suppose -i = -d - 793, 319 - 1104 = -i + k*d. Is i composite?
False
Let a be 443/2*12 - (-3 + 3). Let p = a + -1651. Is p composite?
True
Suppose 0 = -3*j - 5*o + 90657, 3*o = 2*j - j - 30233. Suppose 9*h = 25*h - j. Is h composite?
False
Let n be (0 - -1663) + -20 + 23. Suppose 0 = -5*w - h + n, 5*w - 1674 = -0*w + h. Let q = w - -37. Is q a prime number?
False
Let j be (-1 - -1 - -4) + -134 + 130. Suppose 32*c - 36*c + 7772 = j. Is c prime?
False
Suppose -5*t + 298723 = -4*w + 8*w, 2*t - 298738 = -4*w. Is w prime?
True
Let x(k) be the second derivative of 17/12*k**4 - 3/2*k**2 + 5/6*k**3 - 9*k + 0. Is x(5) composite?
True
Let v = 6094 - 2846. Let k = v + -1151. Suppose -3*i + k = 3*x, -i + 2*x - 5*x + 703 = 0. Is i composite?
True
Let l be (-42)/70 - 594/10. Is 792/5 - 36/l composite?
True
Let b be 4 + (-15 - -15)/(1 - 0). Suppose -6*f + 742 = -b*f. Is f a prime number?
False
Suppose -13*k - 11*k = 30*k - 2559654. Is k a prime number?
False
Suppose 5*y = 18 + 12. Suppose 5*t + 3018 - 22053 = 0. Is t/y - (-2)/(4/(-3)) prime?
False
Let j be ((-2)/(-4))/((-8)/416). Let y = j - -30. Suppose -3*o = 5*c - 1952, -o + 8*c - y*c = -645. Is o prime?
False
Suppose 0 = 20*n - 16*n + 2*l - 1209586, 5 = -l. Is n a composite number?
False
Let h(k) = 18*k**2 + 8*k + 14. Is h(-6) prime?
False
Let h(g) = 19372*g + 4901. Is h(11) prime?
False
Suppose -5*j - c = -209364, 3*j - 4*c = 90665 + 34958. Is j prime?
False
Let b be (94 - 96) + (32363 - 1). Suppose 8*s - 8816 = b. Is s composite?
False
Let w(m) = 25*m**2 + 21*m + 45. Let c be 4*8/(-4)*1. Is w(c) prime?
False
Let a = -18187 + 7877. Let n = -6917 - a. Suppose 5*u = 1802 + n. Is u a composite number?
False
Suppose -8*z = -2*z. Let u be (6471/2)/(z + (-3)/(-4)). Suppose 0*b - 4304 = -2*b + o, 4*o - u = -2*b. Is b composite?
False
Let q(h) = h**3 - 3*h**2 + 30*h + 77141. Is q(0) a composite number?
False
Suppose 3*m - 20526 - 858 = 0. Suppose -m + 2075 = -i. Is i composite?
True
Let p be (-230)/((6/(-8))/((-6)/4)). Let z = 1115 + p. Suppose k - 3*c = z + 307, 0 = -k - c + 982. Is k prime?
True
Let r(a) = 3*a + 21. Let l be r(-6). Suppose 3*i = l*c + 3, 2*i - 2 = -3*c - 2*c. Is (164 - 0) + i + -26 + 24 a prime number?
True
Suppose -2*d + 153377 = 4*w - 7*d, 3*d = 2*w - 76687. Is (-8 - -11)*w/12 composite?
False
Let a(g) = 11561*g**2 + 53*g - 235. Is a(4) prime?
False
Is (1/(-2*2/(-2138956)))/(493 + -492) a composite number?
False
Is (1522364/(-10))/(-11 + 1325/125) composite?
False
Let l(u) = 114*u + 5. Let c(r) = 108*r + 5. Let t(y) = 109*y + 5. Let g(d) = 5*c(d) - 6*t(d). Let b(s) = 5*g(s) + 6*l(s). Is b(6) a composite number?
True
Suppose 21*w - 7314868 = -1387849. Is w a composite number?
False
Let u(x) = 152*x + 851. Is u(63) composite?
False
Suppose 5*r + 4*q - 535 = 0, -3*q - 2*q + 540 = 5*r. Let f = -93 + r. Suppose -5603 = -3*o - f*o. Is o composite?
False
Let a be 0/(3 + 2) + -28. Is 98824/12*(-42)/a prime?
False
Let v be 14/(-35)*(10 + 0). Is 1141/(v + 6 + -1) a composite number?
True
Let i(v) = -722*v - 195. Let z = -81 + 67. Is i(z) a prime number?
False
Suppose -11*j + 17*j = 102. Suppose z - j = 2*n, 0*z = 3*z - n - 36. Let k(p) = 34*p - 37. Is k(z) a prime number?
True
Suppose 13*p - 14*p = -64. Let t = 63 - p. Is 687 - (2 - 0)*t a composite number?
True
Suppose -4*g = -0*n + 4*n - 16, -5*n + 4*g + 20 = 0. Suppose n*l + 8*l - 47604 = 0. Is l a composite number?
False
Let r(m) = 2409*m**2 - 10*m - 51. Let g be r(-4). Let w = -12124 + g. Is w a composite number?
True
Suppose 17273*b - 17276*b = -1388889. Is b a composite number?
True
Suppose 15*v = 4455712 + 9378413. Is (-2)/(-8) + -10 + v/36 prime?
True
Suppose -4*d - a - 1731 = 0, d + 1761 = -3*d + 5*a. Let l = d + 220. Let k = -101 - l. Is k prime?
True
Let a(p) = 656*p**2 - 9*p + 7. Let u be a(-5). Let g be 4/((-9)/(u/(-8))). Suppose -3*w + 3403 = -g. Is w a prime number?
True
Suppose 3*l + 10*u - 5*u = 28, 5*l + 4*u = 38. Suppose -w - 2632 = -3*f, -3*f - 2*w = -l*w - 2635. Is f composite?
False
Let p(f) = f**3 - 11*f**2 + 2*f - 11. Let v be -4*(2 + -1) + -1 - 1. Let s(j) = -j + 9. Let o be s(v). Is p(o) prime?
True
Suppose -3*u + 7 + 2 = 0, 3*z + u - 3 = 0. Suppose z = 2*c - 18. Suppose 0 = -c*f + 6*f + 6855. Is f composite?
True
Suppose 5*q + 14040 = -p, -27*p - 5*q = -22*p + 70160. Let n = p - -29937. Is n a composite number?
False
Suppose 4*l - 20 = -4*c, -5*l - 3*c + 13 = -2. Suppose -4*n + 3*n = -p - 768, l = -5*p + 3*n - 3832. Let y = 1571 + p. Is y a composite number?
True
Let m = -110198 - -167253. Is m a composite number?
True
Let h(p) = -p**3 - 21*p**2 + 11*p - 31. Let m be h(-22). Suppose -m = -4*j + 177. Is j composite?
False
Let k(t) = t**3 - 7*t**2 + 6*t + 5. Let q be k(6). Suppose -q*n = -3*n - 6. Is 127 - (n + -3)/4 prime?
True
Let p = 55 - 60. Let t(f) = -2*f**3 + 5*f**2 - 9*f + 1. Let c be t(p). Let z = c + 634. Is z a composite number?
True
Suppose 4*v - 1017 = v. Suppose 5168 = -356*o + 364*o. Let k = o - v. Is k a prime number?
True
Suppose -54*d + 595426 = -66128. Is d composite?
False
Let y(g) = g + 18. Let n be y(-10). Suppose -t - 3*t + n = 0. Is 31270/30 + t/3 a composite number?
True
Suppose b - 64*u = -59*u + 485088, 0 = 3*b + 3*u - 1455138. Is b composite?
False
Let m be 2/(-2*9/36). Is 11286 + (-4 - (m - -3)) a prime number?
False
Let f(k) = 16 - 15*k**2 + 15 - 4 - 10*k - 2*k**3 - 7. Let o be f(-11). Let a = o - 658. Is a prime?
False
Suppose -v + 5*c = -15, c = 5*v - 12 - 15. Suppose v*d = 4*z + 2964, -z = -d + 3*d - 1196. Let r = d - 385. Is r a composite number?
False
Let y(q) = -q**2 + 31*q + 24. Let d be y(14). Suppose 4*s - d = 3578. Suppose -s = -4*k - 2*u, -3*k + 713 = -4*u + 2*u. Is k a composite number?
False
Let x(a) = 9930*a**2 - 5*a - 5. Let y be x(-1). Suppose -9*u + 3*u = -y. Suppose 0 = 4*w + b - 1324, -5*w + b + u = 6*b. Is w composite?
False
Let a = -452 - 1293. Let o = a + 7536. Is o composite?
False
Suppose -7*j = -30 - 33. Let a(i) = -175*i + 20. Let s be a(j). Let t = s - -2492. Is t a prime number?
True
Let y(f) = 214*f**2 - 13*f - 16. Is y(-1) composite?
False
Let t = -210 - -131. Let k = -79 - t. Suppose -5*y + 1870 + 2325 = k. Is y prime?
True
Let v(p